ctor of 273636 and 396.
396
What is the greatest common divisor of 3355 and 2745?
305
Calculate the greatest common factor of 39 and 161439.
3
Calculate the greatest common factor of 15048 and 12276.
396
What is the highest common divisor of 13405 and 665?
35
What is the highest common factor of 498 and 1122741?
249
What is the greatest common divisor of 497 and 18053?
7
Calculate the greatest common divisor of 28059600 and 240.
240
Calculate the highest common factor of 17278 and 3286.
106
Calculate the greatest common divisor of 85515 and 135.
15
Calculate the highest common factor of 275436 and 4284.
252
Calculate the greatest common factor of 345 and 675855.
345
Calculate the greatest common divisor of 3738 and 184942.
178
What is the greatest common factor of 79109 and 16969?
239
Calculate the highest common factor of 2104 and 18673.
263
Calculate the highest common divisor of 81 and 602424.
27
What is the greatest common factor of 265 and 6943?
53
Calculate the highest common factor of 2983 and 4199.
19
Calculate the highest common divisor of 742 and 5188435.
371
Calculate the highest common factor of 87000 and 36.
12
What is the greatest common divisor of 666 and 2042289?
333
Calculate the highest common factor of 19 and 227202.
19
What is the greatest common divisor of 900279 and 7839?
603
What is the highest common divisor of 83434 and 143?
13
What is the greatest common factor of 172 and 233834?
86
Calculate the greatest common divisor of 1395 and 9720.
45
What is the highest common divisor of 421616 and 8?
8
What is the greatest common divisor of 2891922 and 3784?
946
What is the greatest common factor of 4 and 39680?
4
Calculate the greatest common divisor of 415720 and 95.
95
Calculate the greatest common factor of 784 and 769552.
112
Calculate the highest common factor of 12425 and 595.
35
What is the highest common divisor of 2338 and 13580?
14
What is the highest common factor of 301109 and 3883?
353
What is the greatest common factor of 2428 and 8?
4
Calculate the greatest common divisor of 72851 and 277.
277
What is the greatest common divisor of 145017 and 738?
369
Calculate the greatest common divisor of 16755 and 735.
15
What is the highest common divisor of 641162 and 678?
226
Calculate the greatest common divisor of 510 and 78880.
170
Calculate the highest common factor of 247 and 4807361.
247
Calculate the greatest common divisor of 549 and 10845.
9
What is the greatest common factor of 378586 and 26?
26
What is the greatest common divisor of 603705 and 15?
15
What is the greatest common factor of 1812682 and 10928?
1366
Calculate the greatest common factor of 83 and 3169.
1
Calculate the highest common divisor of 25338 and 4920.
246
What is the highest common divisor of 30 and 34458?
6
Calculate the highest common divisor of 410 and 175810.
10
Calculate the highest common divisor of 80 and 89560.
40
Calculate the greatest common divisor of 5972967 and 17.
17
Calculate the highest common factor of 2644434 and 468.
234
Calculate the greatest common factor of 5222866 and 946.
946
What is the greatest common divisor of 112750 and 250?
250
Calculate the greatest common divisor of 22883 and 196.
49
What is the greatest common factor of 44 and 75647?
11
What is the highest common factor of 18696 and 304?
152
What is the highest common factor of 104 and 960?
8
Calculate the highest common factor of 32223 and 2323.
23
Calculate the greatest common factor of 301728 and 6735.
1347
What is the greatest common factor of 134 and 156512?
134
Calculate the greatest common factor of 5285 and 3640.
35
Calculate the greatest common divisor of 209370 and 420.
210
Calculate the greatest common divisor of 17 and 232.
1
Calculate the greatest common divisor of 171 and 218997.
9
What is the greatest common divisor of 91584 and 13392?
432
Calculate the highest common factor of 202 and 799718.
202
What is the highest common factor of 1639 and 3438622?
1639
What is the highest common divisor of 3 and 1282317?
3
What is the highest common divisor of 59384 and 112?
8
Calculate the highest common factor of 33222 and 10878.
294
What is the highest common factor of 2577562 and 26?
26
What is the greatest common factor of 62682 and 402378?
2022
What is the greatest common divisor of 384 and 333?
3
Calculate the greatest common divisor of 116 and 2813.
29
What is the highest common factor of 39471 and 6244?
223
What is the highest common factor of 332046 and 516?
258
What is the highest common divisor of 25662 and 138?
6
Calculate the greatest common factor of 2002 and 572.
286
What is the highest common divisor of 12250 and 1250?
250
Calculate the highest common divisor of 13352 and 128.
8
What is the greatest common factor of 300 and 2322300?
300
What is the greatest common factor of 303 and 47571?
303
What is the greatest common divisor of 5350949 and 1049?
1049
Calculate the greatest common factor of 42058 and 170.
34
What is the highest common factor of 3813 and 4551?
123
What is the greatest common divisor of 40 and 19160?
40
What is the highest common factor of 6100 and 5795?
305
What is the highest common factor of 878433 and 4188?
1047
Calculate the highest common factor of 11108 and 100.
4
Calculate the greatest common divisor of 2006 and 42296.
34
Calculate the highest common divisor of 18040 and 5535.
205
What is the greatest common factor of 608 and 19016?
8
What is the highest common divisor of 36271 and 411597?
1577
Calculate the greatest common divisor of 68079 and 660.
33
What is the greatest common divisor of 21950 and 225?
25
What is the greatest common factor of 396 and 2788533?
99
What is the greatest common divisor of 46 and 81673?
23
What is the highest common factor of 5139606 and 596?
298
What is the greatest common factor of 1108668 and 148?
148
Calculate the highest common divisor of 137615 and 765.
85
Calculate the highest common divisor of 22905 and 3105.
45
What is the highest common divisor of 39976 and 526?
526
What is the greatest common factor of 6260 and 40?
20
What is the greatest common divisor of 14289 and 33?
33
What is the highest common divisor of 3682737 and 207?
207
What is the highest common divisor of 6438 and 1443?
111
Calculate the greatest common factor of 637 and 2723.
7
Calculate the greatest common divisor of 11268 and 108.
36
What is the greatest common divisor of 608 and 35104?
32
What is the highest common factor of 291 and 1205322?
291
Calculate the greatest common divisor of 186135 and 330.
15
Calculate the greatest common factor of 10250 and 3690.
410
What is the greatest common factor of 66515 and 1484?
53
What is the highest common divisor of 38 and 2988301?
19
What is the greatest common divisor of 1104359 and 94?
47
What is the greatest common divisor of 15 and 165705?
15
Calculate the highest common divisor of 55703 and 3763.
53
Calculate the highest common factor of 204 and 82977.
51
Calculate the highest common divisor of 969 and 5763.
51
Calculate the highest common divisor of 10667 and 1.
1
Calculate the highest common factor of 376470 and 18.
18
Calculate the greatest common factor of 265 and 933171.
53
What is the highest common divisor of 575 and 58535?
115
What is the greatest common divisor of 118771 and 73?
73
Calculate the highest common factor of 3925 and 2325.
25
Calculate the greatest common factor of 172 and 160906.
86
What is the greatest common divisor of 291634 and 1689?
563
Calculate the highest common factor of 180 and 16452.
36
What is the highest common factor of 4285 and 55?
5
What is the highest common factor of 4061 and 5208?
31
Calculate the greatest common factor of 135 and 1752885.
45
What is the greatest common divisor of 24548 and 67868?
1444
Calculate the highest common factor of 28 and 134624.
28
What is the greatest common divisor of 239148 and 18031?
949
What is the greatest common divisor of 9 and 977571?
9
Calculate the highest common divisor of 1000342 and 56.
14
What is the highest common divisor of 2448 and 115821?
153
What is the greatest common divisor of 81 and 6501519?
27
What is the highest common factor of 58 and 58?
58
Calculate the greatest common factor of 30 and 1086.
6
What is the greatest common divisor of 1035 and 855?
45
Calculate the